{"id":7,"date":"2019-10-25T09:12:16","date_gmt":"2019-10-25T09:12:16","guid":{"rendered":"http:\/\/kronospanendustri.com.tr\/?page_id=7"},"modified":"2025-02-03T14:35:47","modified_gmt":"2025-02-03T14:35:47","slug":"contact","status":"publish","type":"page","link":"http:\/\/kronospanendustri.com.tr\/?page_id=7","title":{"rendered":"\u0130leti\u015fim"},"content":{"rendered":"<p>Esen\u015fehir Mah. \u00c7etinkaya Sok. No: 2<br \/>\n\u00dcmraniye \/ \u0130STANBUL<br \/>\nTel: +90 216 521 4170 Faks: +90 216 521 4168<\/p>\n<p><a href=\"https:\/\/mths.ttr.com.tr\/firmabilgileri.aspx?mersis=0769051126600014\">B\u0130LG\u0130 TOPLUMU H\u0130ZMETLER\u0130<\/a><\/p>\n","protected":false},"excerpt":{"rendered":"<p>Esen\u015fehir Mah. \u00c7etinkaya Sok. No: 2 \u00dcmraniye \/ \u0130STANBUL Tel: +90 216 521 4170 Faks: +90 216 521 4168 B\u0130LG\u0130 TOPLUMU H\u0130ZMETLER\u0130<\/p>\n","protected":false},"author":1,"featured_media":0,"parent":0,"menu_order":0,"comment_status":"closed","ping_status":"closed","template":"","meta":{"footnotes":""},"class_list":["post-7","page","type-page","status-publish","hentry"],"_links":{"self":[{"href":"http:\/\/kronospanendustri.com.tr\/index.php?rest_route=\/wp\/v2\/pages\/7","targetHints":{"allow":["GET"]}}],"collection":[{"href":"http:\/\/kronospanendustri.com.tr\/index.php?rest_route=\/wp\/v2\/pages"}],"about":[{"href":"http:\/\/kronospanendustri.com.tr\/index.php?rest_route=\/wp\/v2\/types\/page"}],"author":[{"embeddable":true,"href":"http:\/\/kronospanendustri.com.tr\/index.php?rest_route=\/wp\/v2\/users\/1"}],"replies":[{"embeddable":true,"href":"http:\/\/kronospanendustri.com.tr\/index.php?rest_route=%2Fwp%2Fv2%2Fcomments&post=7"}],"version-history":[{"count":5,"href":"http:\/\/kronospanendustri.com.tr\/index.php?rest_route=\/wp\/v2\/pages\/7\/revisions"}],"predecessor-version":[{"id":50,"href":"http:\/\/kronospanendustri.com.tr\/index.php?rest_route=\/wp\/v2\/pages\/7\/revisions\/50"}],"wp:attachment":[{"href":"http:\/\/kronospanendustri.com.tr\/index.php?rest_route=%2Fwp%2Fv2%2Fmedia&parent=7"}],"curies":[{"name":"wp","href":"https:\/\/api.w.org\/{rel}","templated":true}]}}