{"id":5,"date":"2019-10-25T09:12:16","date_gmt":"2019-10-25T09:12:16","guid":{"rendered":"http:\/\/kronospanendustri.com.tr\/?page_id=5"},"modified":"2025-02-03T14:48:33","modified_gmt":"2025-02-03T14:48:33","slug":"home","status":"publish","type":"page","link":"http:\/\/kronospanendustri.com.tr\/","title":{"rendered":""},"content":{"rendered":"<p><b><span style=\"color: #015daa;\"><img loading=\"lazy\" decoding=\"async\" class=\"size-medium wp-image-57 alignleft\" src=\"http:\/\/kronospanendustri.com.tr\/wp-content\/uploads\/2025\/02\/ENDUSTRI-300x87.jpg\" alt=\"\" width=\"300\" height=\"87\" srcset=\"http:\/\/kronospanendustri.com.tr\/wp-content\/uploads\/2025\/02\/ENDUSTRI-300x87.jpg 300w, http:\/\/kronospanendustri.com.tr\/wp-content\/uploads\/2025\/02\/ENDUSTRI.jpg 326w\" sizes=\"auto, (max-width: 300px) 100vw, 300px\" \/><\/span><\/b><\/p>\n<p>&nbsp;<\/p>\n<p>&nbsp;<\/p>\n<p>&nbsp;<\/p>\n<p><b><span style=\"color: #015daa;\">KRONOSPAN END\u00dcSTR\u0130 YATIRIMLARI ANON\u0130M \u015e\u0130RKET\u0130<\/span><\/b><br \/>\nEsen\u015fehir Mah. \u00c7etinkaya Sok. No: 2<br \/>\n\u00dcmraniye \/ \u0130STANBUL<br \/>\nTel: +90 216 521 4170 Faks: +90 216 521 4168<\/p>\n<p>info@kronospanendustri.com.tr<\/p>\n<p>&nbsp;<\/p>\n<p>&nbsp;<\/p>\n","protected":false},"excerpt":{"rendered":"<p>&nbsp; &nbsp; &nbsp; KRONOSPAN END\u00dcSTR\u0130 YATIRIMLARI ANON\u0130M \u015e\u0130RKET\u0130 Esen\u015fehir Mah. \u00c7etinkaya Sok. No: 2 \u00dcmraniye \/ \u0130STANBUL Tel: +90 216 521 4170 Faks: +90 216 521 4168 info@kronospanendustri.com.tr &nbsp; &nbsp;<\/p>\n","protected":false},"author":1,"featured_media":0,"parent":0,"menu_order":0,"comment_status":"closed","ping_status":"closed","template":"","meta":{"footnotes":""},"class_list":["post-5","page","type-page","status-publish","hentry"],"_links":{"self":[{"href":"http:\/\/kronospanendustri.com.tr\/index.php?rest_route=\/wp\/v2\/pages\/5","targetHints":{"allow":["GET"]}}],"collection":[{"href":"http:\/\/kronospanendustri.com.tr\/index.php?rest_route=\/wp\/v2\/pages"}],"about":[{"href":"http:\/\/kronospanendustri.com.tr\/index.php?rest_route=\/wp\/v2\/types\/page"}],"author":[{"embeddable":true,"href":"http:\/\/kronospanendustri.com.tr\/index.php?rest_route=\/wp\/v2\/users\/1"}],"replies":[{"embeddable":true,"href":"http:\/\/kronospanendustri.com.tr\/index.php?rest_route=%2Fwp%2Fv2%2Fcomments&post=5"}],"version-history":[{"count":5,"href":"http:\/\/kronospanendustri.com.tr\/index.php?rest_route=\/wp\/v2\/pages\/5\/revisions"}],"predecessor-version":[{"id":59,"href":"http:\/\/kronospanendustri.com.tr\/index.php?rest_route=\/wp\/v2\/pages\/5\/revisions\/59"}],"wp:attachment":[{"href":"http:\/\/kronospanendustri.com.tr\/index.php?rest_route=%2Fwp%2Fv2%2Fmedia&parent=5"}],"curies":[{"name":"wp","href":"https:\/\/api.w.org\/{rel}","templated":true}]}}